 = 12*v - 114. What is the tens digit of i(18)?
0
Let w = 339 + -157. What is the hundreds digit of w?
1
What is the tens digit of ((0 - 4) + (28 - -19))*5?
1
Let v be 15 + (10 - 10) + -4 + 1. Let m(d) = d**3 - 13*d**2 + 14*d + 16. What is the tens digit of m(v)?
4
Suppose -298 = -5*p - 4*d, -53 = -6*p + 5*p - 3*d. Suppose 190 = -2*h - 3*h - 2*g, -2*g = 10. Let x = p + h. What is the tens digit of x?
2
Let d = 29 + -11. Let x = d + 7. Suppose -4*q = 3*h - x - 40, 0 = 3*h - q - 85. What is the tens digit of h?
2
Let j be (12 - 10)*(1 + 2/4). Suppose -2*c + 174 = 2*g, 2*c + j*g - 259 + 90 = 0. What is the units digit of c?
2
Let j(w) = -1. Let k(f) = 39*f**2 - 6*f - 1. Let h(y) = -5*j(y) + k(y). What is the units digit of h(2)?
8
Let j(t) = 2*t**2 + 4*t - 1. Suppose -7*v + 6*v + 4 = 0. Suppose 2*a - 8 = v*a. What is the units digit of j(a)?
5
Let p = 306 + 534. What is the units digit of p?
0
Suppose -4*r - 8 = -3*k, k = -5*r + 2 + 7. Let s(l) be the second derivative of 5*l**4/12 - l**3/6 + l**2/2 - 3*l. What is the units digit of s(r)?
5
What is the units digit of 308 + (-5 - -3) + 5 + 0?
1
Let n = -5 - -9. What is the hundreds digit of 530/4*(0 - n/(-5))?
1
Let c = 3 - 11. Let n(m) = 4*m**2 - 12*m + 9. Let x(q) = q**2 - 4*q + 3. Let h(t) = c*x(t) + 3*n(t). What is the units digit of h(2)?
1
Let g be 54/(-10) + (-16)/(-40). What is the units digit of -30*((-17)/g + -4)?
8
Let y(k) = -k**3 - 10*k**2 + 9*k + 8. Let p be y(-10). Let r be p/5 + (-4)/(-10). Let i = 6 - r. What is the tens digit of i?
2
Suppose 4*v - y + 5*y = 13128, y = -3. What is the tens digit of v?
8
Suppose z = 3*q + 18, 26 = 3*z + q - 48. What is the tens digit of z?
2
Suppose 13*q - 4935 = 9378. What is the units digit of q?
1
Let c = -1176 - -1501. What is the tens digit of c?
2
Suppose 6*x - x = -35. Let f(u) = u**2 + u + 2. What is the units digit of f(x)?
4
Let j(w) = -w - 22. Let x be j(-12). What is the tens digit of ((-2795)/x - 0) + 2/4?
8
Suppose 6*z - 4*z = 3*s + 17, 0 = 2*z + 5*s - 57. Suppose -3*j - j + z = 0. What is the units digit of j?
4
Suppose -2*f = -1140 - 392. What is the tens digit of f?
6
Let l = 0 + 10. Let x be ((-156)/l)/(12/(-90)). Suppose 0*m + x = 3*m. What is the units digit of m?
9
What is the tens digit of 4/(-22) - (80880/88)/(-6)?
5
Let p be (-65)/(-2) - (-6)/12. Suppose -320 = p*m - 35*m. What is the hundreds digit of m?
1
Let h be ((-12)/(-24))/((-1)/(-6)). Suppose -s - h + 1 = 0. What is the units digit of 1/s + (-55)/(-2)?
7
Let u be (3 - -1)*(-1 + (-28)/(-16)). Let b(g) = g - 1. Let w(t) = t**2 + 4*t - 8. Let h(k) = -6*b(k) + w(k). What is the units digit of h(u)?
1
Suppose -21*o + 15855 = 14*o. What is the units digit of o?
3
Let u(w) = 593*w - 114. What is the thousands digit of u(8)?
4
Suppose 0 = -2*y - w + 23, -5*y + 5*w = 2*w - 63. Let d = y - 1. What is the tens digit of d?
1
Let t be (-4)/6 - (-2)/(-6)*31. What is the tens digit of 1 - 1/1 - 616/t?
5
Let y(r) = 2*r - 6. Let x be y(3). Let s be x + -3 + 9 + -6. Suppose -4*u - 50 = -4*d - 6*u, s = u - 5. What is the units digit of d?
0
Let r(o) = -79*o - 177. What is the thousands digit of r(-22)?
1
Let z(o) = -105*o**3 + o**2 + o + 1. Let v be z(-1). Let g(q) = -q**2 + 5*q + 3. Let f be g(-6). Let b = v + f. What is the units digit of b?
3
Let u(f) = f**3 - 3*f**2 - 14*f + 17. Let i be (-5)/20 + 66/8. What is the units digit of u(i)?
5
What is the tens digit of ((-29960)/(-24))/(-7)*-3?
3
What is the hundreds digit of (-17262)/(-30) + 18/(-45)?
5
Suppose -b + 4*l - 10212 = -2*b, 40870 = 4*b + 5*l. What is the units digit of 1/(-3) - b/(-60)?
0
Let c(j) = j**2 - 6*j - 1. Let n be c(7). Let f(z) = -z**2 + 7*z - 2. Let v be f(n). What is the units digit of v/5*(-30)/(-4)?
6
Let v(o) be the second derivative of -1/20*o**5 - 10*o - 5/6*o**3 + 1/2*o**2 + 7/12*o**4 + 0. What is the units digit of v(6)?
7
Suppose 77*y = 83*y - 354. Let r = 17 - 32. Let q = y + r. What is the tens digit of q?
4
Suppose 149*w - 29120 = 133*w. What is the units digit of w?
0
Suppose x + 9369 = 10*x. What is the tens digit of x?
4
Let x be (-3816)/(-20) - 16/20. Suppose x = 4*r - 262. What is the tens digit of r?
1
Suppose -v + 5*f = -890, 3510 = 4*v + 5*f - 0*f. What is the hundreds digit of v?
8
Let j be (-8)/7*70/(-30)*111. Suppose -5*v + 169 = -j. What is the tens digit of v?
9
Suppose 2*d - 55 - 155 = 0. Let l = d - 28. What is the units digit of l?
7
Suppose -5*a + 3 = -3*f, 2 = 3*f + 2*a - 16. Suppose 5*v + 2*r - 341 = 419, f*r = -2*v + 320. What is the units digit of v?
0
What is the units digit of (1731/2)/((-6)/(-80)*5)?
8
What is the thousands digit of (1 - (-63916)/28) + (-10)/(-35)?
2
Let q(b) = b**3 + 9*b - 1 - 12*b + b**3. Let a be q(-4). What is the units digit of 11/13 + (-18)/a?
1
Let i(k) = -150*k - 216. What is the units digit of i(-7)?
4
What is the hundreds digit of (-3 + 2)/(-16) - (-364470)/160?
2
Let h = 3823 + -957. What is the hundreds digit of h?
8
Suppose -4349 - 457 = -9*o. What is the tens digit of o?
3
Let u(z) = 7*z**2 + 286*z + 5. What is the tens digit of u(-48)?
0
Let a = 20 + -14. Suppose 2*h - 4 = -4*z, -3*h + 5 = 5*z - 0. Let u = h + a. What is the units digit of u?
6
Let x(t) = -5*t + 65. Let a = 36 + -30. What is the units digit of x(a)?
5
Suppose 0 = 5*b - j, 0*b - 2*j = -3*b - 7. What is the tens digit of b/((-3)/(-54)) + -2?
1
Let w = 6867 - 3446. What is the tens digit of w?
2
Let d(u) = -2*u**2 + 4*u + 44. Let j be d(-6). Let b(s) = 2*s**3 - 4*s**2 - 2*s - 4. Let m be b(-3). Let w = j - m. What is the tens digit of w?
3
Let d(t) = t**3 - 12*t**2 - 19*t + 21. What is the hundreds digit of d(15)?
4
Let n(i) = i**3 - 3*i**2 - i + 1. Let s be n(0). Suppose -s = y - 2. What is the units digit of y?
1
Suppose 4*q - 5 = -q. Suppose 9 - 30 = -4*a - 5*h, -3*h - 9 = 0. Let m = a + q. What is the tens digit of m?
1
Let l(d) = d + 2. Let v = 15 - 13. Let s be l(v). Suppose s*p - p = -5*m + 25, 5*p = -5*m + 35. What is the units digit of m?
2
Let j = -4 - -9. Suppose -7*b - j*b = -1044. What is the tens digit of b?
8
Let t(r) be the first derivative of -r**4/4 - 5*r**3/3 - r**2 - 4. Let m be t(-3). What is the units digit of m/4 + 43 + 0?
0
Let c = 111 - -17. Suppose 0 = 4*s + 2*r - 174, -2*s - c = -5*s - 4*r. What is the units digit of s?
4
Let j(z) = 124*z**2 + z. What is the hundreds digit of j(1)?
1
Let g = -20 - -39. Suppose 2*w - g - 15 = 0. What is the units digit of w?
7
Suppose -27*v + 30*v = 1626. What is the hundreds digit of v?
5
Suppose 2*i + 2 = 0, r + 3*r + 3*i = 7257. What is the units digit of r?
5
Let o be 4/18 + 754/9. Suppose 2*n + 3*z = -115, 4*n - 2*n + z = -113. Let f = o + n. What is the tens digit of f?
2
Suppose -14 = 3*x - 38. Suppose 4*f + 16 = x*f. Suppose -2*n - f*a = -16, 3*n = a + 26 + 33. What is the tens digit of n?
1
Suppose -12*q = -1401 - 711. What is the hundreds digit of q?
1
Let d be (-1 - 0)*34/(-2). Let s = d - -18. What is the tens digit of s*8*(-4)/(-40)?
2
Suppose 995 + 73 = 3*q. What is the units digit of q?
6
Suppose 1820 = -26*u + 39*u. What is the units digit of u?
0
Suppose 0 = -3*h - a + 2830, h - 551 = a + 387. What is the units digit of h?
2
Let w(t) = -4*t**3 - 3*t**2 + 2*t. Let c(f) = f**3 + f**2 - f - 1. Let b be c(-2). What is the units digit of w(b)?
5
Let l(k) = 30*k**2 - 11*k + 82. What is the tens digit of l(5)?
7
Suppose -2686 = -13*g + 3372. What is the tens digit of g?
6
Suppose p + 0*p = m + 2, 3*m - 12 = -3*p. Suppose 4 + 8 = p*a. Let s = a + 10. What is the tens digit of s?
1
Let f(z) = -z**2 + 3*z + 10. Let m be f(17). Let d = m + 387. What is the tens digit of d?
5
Let c(n) = -377*n - 77. What is the hundreds digit of c(-10)?
6
Suppose -36 = -9*w + 9. Suppose 270 = w*m - 0*m. What is the units digit of m?
4
Let u be 2/2*(-2 + 1). Let f(o) = -5*o**2 + 6*o + 6. Let i(l) = -l - 1. Let y(j) = -f(j) - 5*i(j). What is the units digit of y(u)?
5
Let k be (-1 - (-11)/5)*5. Let n be k/4 - (-1)/(-2). Suppose 0 = -2*y - u + 72 + n, -82 = -2*y + 2*u. What is the tens digit of y?
3
Let w(d) = -d**2 - 5*d. Let c be w(-3). Suppose 2*g - c*a - 669 = -3*a, -1313 = -4*g + a. What is the units digit of g?
7
Suppose -3 = -4*t - 227. Let q = t + 102. What is the tens digit of q?
4
Let x be (-1 - (-22)/4)*96/18. Suppose 0 = 